{"id":3621,"date":"2021-05-25T09:39:04","date_gmt":"2021-05-25T07:39:04","guid":{"rendered":"https:\/\/www.papik.cat\/projectes\/k-hostalets\/"},"modified":"2024-04-29T09:57:19","modified_gmt":"2024-04-29T07:57:19","slug":"k-hostalets","status":"publish","type":"projecte","link":"https:\/\/www.papik.cat\/es\/proyectos\/k-hostalets\/","title":{"rendered":"K-Hostalets"},"content":{"rendered":"\n<p>Vivienda unifamiliar aislada ubicado en Hostalets de Baleny\u00e0, construido con entramado ligero de madera y acabado exterior de SATE. Dise\u00f1ado y construido bajo criterios del est\u00e1ndar Passivhaus. Pensado para alojar a dos unidades familiares, se dise\u00f1a para dotar de la suficiente privacidad a cada una de ellas y a la vez poder garantizar una imagen unitaria y tradicional.<\/p>\n","protected":false},"excerpt":{"rendered":"<p>Vivienda unifamiliar aislada ubicado en Hostalets de Baleny\u00e0, construido con entramado ligero de madera y acabado exterior de SATE. Dise\u00f1ado y construido bajo criterios del est\u00e1ndar Passivhaus. Pensado para alojar a dos unidades familiares, se dise\u00f1a para dotar de la suficiente privacidad a cada una de ellas y a la vez poder garantizar una imagen &hellip; <a href=\"https:\/\/www.papik.cat\/es\/proyectos\/k-hostalets\/\">Ver m\u00e1s<\/a><\/p>\n","protected":false},"featured_media":910,"template":"","tipusprojecte":[307],"class_list":["post-3621","projecte","type-projecte","status-publish","has-post-thumbnail","hentry","tipusprojecte-passivhaus-es"],"acf":[],"_links":{"self":[{"href":"https:\/\/www.papik.cat\/es\/wp-json\/wp\/v2\/projecte\/3621","targetHints":{"allow":["GET"]}}],"collection":[{"href":"https:\/\/www.papik.cat\/es\/wp-json\/wp\/v2\/projecte"}],"about":[{"href":"https:\/\/www.papik.cat\/es\/wp-json\/wp\/v2\/types\/projecte"}],"version-history":[{"count":0,"href":"https:\/\/www.papik.cat\/es\/wp-json\/wp\/v2\/projecte\/3621\/revisions"}],"wp:featuredmedia":[{"embeddable":true,"href":"https:\/\/www.papik.cat\/es\/wp-json\/wp\/v2\/media\/910"}],"wp:attachment":[{"href":"https:\/\/www.papik.cat\/es\/wp-json\/wp\/v2\/media?parent=3621"}],"wp:term":[{"taxonomy":"tipusprojecte","embeddable":true,"href":"https:\/\/www.papik.cat\/es\/wp-json\/wp\/v2\/tipusprojecte?post=3621"}],"curies":[{"name":"wp","href":"https:\/\/api.w.org\/{rel}","templated":true}]}}

<p>Vivienda unifamiliar aislada ubicado en Hostalets de Balenyà, construido con entramado ligero de madera y acabado exterior de SATE. Diseñado y construido bajo criterios del estándar Passivhaus. Pensado para alojar a dos unidades familiares, se diseña para dotar de la suficiente privacidad a cada una de ellas y a la vez poder garantizar una imagen unitaria y tradicional.</p>

<p>Vivienda unifamiliar aislada ubicado en Hostalets de Balenyà, construido con entramado ligero de madera y acabado exterior de SATE. Diseñado y construido bajo criterios del estándar Passivhaus. Pensado para alojar a dos unidades familiares, se diseña para dotar de la suficiente privacidad a cada una de ellas y a la vez poder garantizar una imagen &hellip; <a href="https://www.papik.cat/es/proyectos/k-hostalets/">Ver más</a></p>
